and 1033.
1
What is the greatest common factor of 1000 and 2992261000?
1000
Calculate the greatest common divisor of 50 and 206281850.
50
What is the greatest common factor of 61998317 and 4002?
667
What is the highest common divisor of 1000282 and 9268?
662
Calculate the greatest common factor of 270 and 3.
3
What is the highest common divisor of 22204 and 16100?
28
What is the greatest common divisor of 424 and 15063424?
8
Calculate the highest common factor of 1312590 and 90.
30
What is the greatest common factor of 3343707 and 6021?
27
What is the greatest common factor of 2533585 and 1411778?
2929
What is the greatest common factor of 1498824 and 2570?
514
What is the highest common divisor of 7522 and 343315363?
3761
Calculate the highest common divisor of 65 and 814099.
13
Calculate the greatest common divisor of 1300 and 17554680.
260
Calculate the highest common divisor of 572 and 214267625.
143
What is the highest common factor of 13000 and 101000?
1000
Calculate the greatest common divisor of 7209485 and 1030.
515
What is the highest common factor of 5688 and 1398024?
72
What is the highest common factor of 23493 and 467769?
123
What is the highest common factor of 310971351 and 183?
183
What is the highest common factor of 343 and 164612?
7
Calculate the greatest common divisor of 1152 and 17606704.
16
Calculate the greatest common factor of 3351 and 33078838.
1117
Calculate the highest common factor of 995037 and 11703.
141
What is the highest common factor of 31216541 and 3005?
601
Calculate the greatest common factor of 14773 and 4175387.
1343
What is the highest common divisor of 2463147 and 136?
17
Calculate the highest common divisor of 74460 and 23185530.
2190
Calculate the greatest common divisor of 9653314 and 17.
17
What is the highest common divisor of 350035 and 138481?
511
What is the highest common divisor of 778696 and 803700?
3572
Calculate the greatest common divisor of 415944 and 2808.
72
What is the greatest common divisor of 7512 and 607533?
939
What is the highest common divisor of 63400 and 8263556?
1268
Calculate the highest common factor of 335417370 and 15.
15
Calculate the highest common divisor of 5443776 and 23088.
624
Calculate the greatest common factor of 1629 and 4199743.
181
What is the highest common divisor of 2116725 and 800?
25
What is the highest common factor of 9458813 and 128037?
637
Calculate the highest common divisor of 318 and 13741482.
6
What is the greatest common factor of 30 and 3864557?
1
What is the greatest common divisor of 208143 and 7803?
27
What is the highest common factor of 1233 and 3378420?
1233
What is the highest common factor of 1987271 and 5239?
169
Calculate the highest common factor of 8169570 and 2.
2
Calculate the highest common factor of 26290704 and 27192.
264
Calculate the highest common factor of 3690734 and 22338.
2482
Calculate the greatest common divisor of 240481847 and 6189.
2063
What is the highest common divisor of 23352 and 1719172?
28
Calculate the greatest common factor of 6236409708 and 3882.
3882
What is the greatest common divisor of 3321 and 633081?
123
What is the highest common factor of 300 and 32347740?
60
What is the greatest common divisor of 22977 and 3375917?
851
What is the highest common factor of 1257560 and 1937?
149
What is the highest common factor of 312437 and 18192208?
3221
What is the greatest common factor of 7662344 and 3020?
604
What is the highest common divisor of 638 and 43326261?
319
What is the greatest common factor of 3 and 1433485?
1
What is the highest common factor of 9 and 301241?
1
Calculate the highest common divisor of 328595 and 130.
5
What is the highest common factor of 22308157 and 970?
97
Calculate the highest common divisor of 52 and 832148.
4
Calculate the highest common divisor of 4112076 and 3540.
12
Calculate the greatest common factor of 36 and 102868.
4
Calculate the highest common divisor of 5806 and 165375201.
2903
Calculate the highest common factor of 21794 and 1653139.
641
What is the greatest common factor of 1749 and 375302752?
583
Calculate the highest common divisor of 128251942 and 364.
182
Calculate the greatest common divisor of 89695798 and 5558.
794
Calculate the greatest common factor of 689 and 1349327.
53
Calculate the highest common divisor of 100419078 and 131718.
4542
Calculate the greatest common divisor of 1666 and 4857104.
238
What is the highest common divisor of 8846456 and 40?
8
Calculate the highest common divisor of 2347725 and 43552.
1361
What is the greatest common divisor of 520696 and 440?
88
What is the highest common divisor of 1215 and 2740395?
15
What is the highest common divisor of 116145465 and 60?
15
Calculate the highest common divisor of 771 and 93737409.
771
What is the greatest common divisor of 1637202 and 7497?
357
Calculate the greatest common factor of 3560706 and 7922.
466
Calculate the greatest common divisor of 288582928 and 41.
41
What is the greatest common factor of 8743281 and 19041?
1731
What is the highest common factor of 15 and 45018795?
15
Calculate the highest common factor of 2000 and 28670375.
125
What is the greatest common factor of 1802 and 318380063?
901
Calculate the highest common divisor of 112059805 and 715.
715
What is the greatest common factor of 1501912 and 2870?
82
Calculate the highest common divisor of 14521 and 2053649.
13
Calculate the highest common divisor of 594 and 3607146.
54
Calculate the highest common divisor of 579 and 258733677.
579
What is the greatest common factor of 4970 and 493668?
14
What is the highest common divisor of 16762824 and 3744?
936
What is the highest common divisor of 827736 and 431184?
312
Calculate the highest common divisor of 2244940 and 340.
20
What is the greatest common divisor of 32796208 and 1776?
592
Calculate the greatest common factor of 204327612 and 2452.
2452
Calculate the greatest common divisor of 230 and 323810.
10
What is the highest common factor of 7471680 and 300?
60
What is the highest common divisor of 854360 and 12974?
26
Calculate the greatest common factor of 2718 and 226885050.
2718
What is the greatest common divisor of 220 and 194616980?
20
What is the highest common divisor of 1573687 and 26483?
373
Calculate the greatest common factor of 1674314 and 3.
1
Calculate the highest common divisor of 2571915 and 837.
93
Calculate the greatest common divisor of 9069555 and 101640.
1815
Calculate the highest common factor of 846190 and 90.
10
Calculate the highest common factor of 276 and 18965478.
138
Calculate the greatest common factor of 94915 and 116645.
205
What is the greatest common divisor of 1087557 and 39498?
681
What is the highest common divisor of 7966 and 85232?
14
Calculate the greatest common factor of 52500 and 1393125.
1875
Calculate the greatest common divisor of 7400 and 645180100.
3700
Calculate the highest common factor of 24450 and 5358.
6
What is the highest common factor of 8971214 and 196?
98
Calculate the highest common divisor of 454362 and 3690.
246
What is the highest common factor of 73815 and 566433?
777
Calculate the greatest common factor of 3128296 and 4075.
163
What is the highest common divisor of 283933804 and 644?
644
What is the highest common divisor of 4912163061 and 897?
897
What is the highest common divisor of 1934081 and 133330?
199
What is the greatest common factor of 1089274 and 60650?
2426
Calculate the greatest common divisor of 347508 and 5425380.
7092
What is the highest common factor of 575 and 83254825?
575
Calculate the highest common divisor of 34018 and 9583290.
466
Calculate the greatest common divisor of 9731520 and 496992.
2976
Calculate the greatest common divisor of 10650 and 573822.
426
What is the highest common factor of 72303501 and 231663?
4929
Calculate the highest common factor of 98 and 45031.
49
Calculate the highest common divisor of 56 and 5629760.
8
What is the greatest common factor of 5185 and 29566395?
305
What is the highest common factor of 195508 and 705886?
74
Calculate the highest common factor of 238616498 and 908.
454
What is the greatest common factor of 35485785 and 180?
45
What is the highest common divisor of 249 and 22326?
3
Calculate the highest common factor of 1635 and 40921